{"id":807,"date":"2022-02-22T15:43:26","date_gmt":"2022-02-22T14:43:26","guid":{"rendered":"https:\/\/ferienhaus-von-loewenstein.de\/?page_id=807"},"modified":"2022-02-22T15:43:26","modified_gmt":"2022-02-22T14:43:26","slug":"badezimmer","status":"publish","type":"page","link":"https:\/\/ferienhaus-von-loewenstein.de\/?page_id=807","title":{"rendered":"Badezimmer"},"content":{"rendered":"\n<div class=\"wp-block-columns is-layout-flex wp-container-core-columns-is-layout-9d6595d7 wp-block-columns-is-layout-flex\">\n<div class=\"wp-block-column is-layout-flow wp-block-column-is-layout-flow\" style=\"flex-basis:66.66%\">\n<figure class=\"wp-block-image size-full\"><img fetchpriority=\"high\" decoding=\"async\" width=\"768\" height=\"1024\" src=\"https:\/\/ferienhaus-von-loewenstein.de\/wp-content\/uploads\/2022\/02\/badezimmer-1.jpg\" alt=\"\" class=\"wp-image-808\" srcset=\"https:\/\/ferienhaus-von-loewenstein.de\/wp-content\/uploads\/2022\/02\/badezimmer-1.jpg 768w, https:\/\/ferienhaus-von-loewenstein.de\/wp-content\/uploads\/2022\/02\/badezimmer-1-225x300.jpg 225w\" sizes=\"(max-width: 768px) 100vw, 768px\" \/><\/figure>\n<\/div>\n\n\n\n<div class=\"wp-block-column is-layout-flow wp-block-column-is-layout-flow\" style=\"flex-basis:33.33%\">\n<p>Die Badezimmerausstattung umfasst ein Waschbecken mit Spiegel, eine Toilette, eine Duschkabine und eine Waschmaschine. <\/p>\n\n\n\n<p>Durch eine moderne Heizungstherme in Kombination mit der Thermostat-Duscharmatur genie\u00dft man eine hei\u00dfe Dusche bei konstanter Wunschtemperatur.<\/p>\n\n\n\n<p>Ein gro\u00dfz\u00fcgiges Regal bietet Stauraum f\u00fcr Duschgel, Shampoo &amp; Co.<\/p>\n\n\n\n<p><\/p>\n<\/div>\n<\/div>\n\n\n\n<div class=\"wp-block-columns has-2-columns is-layout-flex wp-container-core-columns-is-layout-9d6595d7 wp-block-columns-is-layout-flex\">\n<div class=\"wp-block-column is-layout-flow wp-block-column-is-layout-flow\">\n<ul class=\"hr-amenities wp-block-list\"><li>Waschmaschine<\/li><li>Toilette<\/li><li>Regal<\/li><li>Waschbecken mit Spiegel, Beleuchtung und Ablage<\/li><\/ul>\n<\/div>\n\n\n\n<div class=\"wp-block-column is-layout-flow wp-block-column-is-layout-flow\">\n<ul class=\"hr-amenities wp-block-list\"><li>Duschkabine mit Thermostat-Armatur<\/li><li>Handtuchhalter an der T\u00fcr<\/li><li>Fenster mit Sichtschutz und Fliegengitter<\/li><li>Hocker<\/li><li>M\u00fclleimer<\/li><\/ul>\n<\/div>\n<\/div>\n","protected":false},"excerpt":{"rendered":"<p>Die Badezimmerausstattung umfasst ein Waschbecken mit Spiegel, eine Toilette, eine Duschkabine und eine Waschmaschine. Durch eine moderne Heizungstherme in Kombination mit der Thermostat-Duscharmatur genie\u00dft man eine hei\u00dfe Dusche bei konstanter Wunschtemperatur. Ein gro\u00dfz\u00fcgiges Regal bietet Stauraum f\u00fcr Duschgel, Shampoo &amp; <a href=\"https:\/\/ferienhaus-von-loewenstein.de\/?page_id=807\" class=\"more-link\">Weiterlesen<\/a><\/p>\n","protected":false},"author":1,"featured_media":818,"parent":0,"menu_order":0,"comment_status":"closed","ping_status":"closed","template":"","meta":{"footnotes":""},"class_list":["post-807","page","type-page","status-publish","has-post-thumbnail","hentry"],"_links":{"self":[{"href":"https:\/\/ferienhaus-von-loewenstein.de\/index.php?rest_route=\/wp\/v2\/pages\/807","targetHints":{"allow":["GET"]}}],"collection":[{"href":"https:\/\/ferienhaus-von-loewenstein.de\/index.php?rest_route=\/wp\/v2\/pages"}],"about":[{"href":"https:\/\/ferienhaus-von-loewenstein.de\/index.php?rest_route=\/wp\/v2\/types\/page"}],"author":[{"embeddable":true,"href":"https:\/\/ferienhaus-von-loewenstein.de\/index.php?rest_route=\/wp\/v2\/users\/1"}],"replies":[{"embeddable":true,"href":"https:\/\/ferienhaus-von-loewenstein.de\/index.php?rest_route=%2Fwp%2Fv2%2Fcomments&post=807"}],"version-history":[{"count":8,"href":"https:\/\/ferienhaus-von-loewenstein.de\/index.php?rest_route=\/wp\/v2\/pages\/807\/revisions"}],"predecessor-version":[{"id":817,"href":"https:\/\/ferienhaus-von-loewenstein.de\/index.php?rest_route=\/wp\/v2\/pages\/807\/revisions\/817"}],"wp:featuredmedia":[{"embeddable":true,"href":"https:\/\/ferienhaus-von-loewenstein.de\/index.php?rest_route=\/wp\/v2\/media\/818"}],"wp:attachment":[{"href":"https:\/\/ferienhaus-von-loewenstein.de\/index.php?rest_route=%2Fwp%2Fv2%2Fmedia&parent=807"}],"curies":[{"name":"wp","href":"https:\/\/api.w.org\/{rel}","templated":true}]}}