{"id":76,"date":"2019-06-09T07:21:46","date_gmt":"2019-06-09T07:21:46","guid":{"rendered":"http:\/\/localhost\/hotel-romantica\/?page_id=76"},"modified":"2022-01-14T20:09:30","modified_gmt":"2022-01-14T19:09:30","slug":"premium-room-suite","status":"publish","type":"page","link":"https:\/\/ferienhaus-von-loewenstein.de\/?page_id=76","title":{"rendered":"Wohnzimmer &#038; Terrasse"},"content":{"rendered":"<div\n\t\t\t\n\t\t\tclass=\"so-widget-sow-slider so-widget-sow-slider-default-6d39609536fd\"\n\t\t\t\n\t\t>\t\t\t\t<div class=\"sow-slider-base\" style=\"display: none\" tabindex=\"0\">\n\t\t\t\t\t<ul\n\t\t\t\t\tclass=\"sow-slider-images\"\n\t\t\t\t\tdata-settings=\"{&quot;pagination&quot;:true,&quot;speed&quot;:800,&quot;timeout&quot;:5000,&quot;paused&quot;:false,&quot;pause_on_hover&quot;:false,&quot;swipe&quot;:true,&quot;nav_always_show_desktop&quot;:&quot;&quot;,&quot;nav_always_show_mobile&quot;:&quot;&quot;,&quot;breakpoint&quot;:&quot;780px&quot;,&quot;unmute&quot;:false,&quot;anchor&quot;:null}\"\n\t\t\t\t\t\t\t\t\t\tdata-anchor-id=\"\"\n\t\t\t\t>\t\t<li class=\"sow-slider-image\" style=\"visibility: visible;\" >\n\t\t\t\t\t\t<div class=\"sow-slider-image-container\">\n\t\t\t\t<div class=\"sow-slider-image-wrapper\" style=\"max-width: 960px\">\n\t\t\t\t\t\t\t\t\t\t<div class=\"sow-slider-image-foreground-wrapper\">\n\t\t\t\t\t\t<img fetchpriority=\"high\" decoding=\"async\" width=\"960\" height=\"720\" src=\"https:\/\/ferienhaus-von-loewenstein.de\/wp-content\/uploads\/2022\/01\/wohnzimmer-1.jpg\" class=\"sow-slider-foreground-image\" alt=\"\" style=\"\" srcset=\"https:\/\/ferienhaus-von-loewenstein.de\/wp-content\/uploads\/2022\/01\/wohnzimmer-1.jpg 960w, https:\/\/ferienhaus-von-loewenstein.de\/wp-content\/uploads\/2022\/01\/wohnzimmer-1-300x225.jpg 300w, https:\/\/ferienhaus-von-loewenstein.de\/wp-content\/uploads\/2022\/01\/wohnzimmer-1-768x576.jpg 768w\" sizes=\"(max-width: 960px) 100vw, 960px\" \/>\t\t\t\t\t<\/div>\n\t\t\t\t\t\t\t\t\t<\/div>\n\t\t\t<\/div>\n\t\t\t\t\t<\/li>\n\t\t\t\t<li class=\"sow-slider-image\" style=\"visibility: hidden;\" >\n\t\t\t\t\t\t<div class=\"sow-slider-image-container\">\n\t\t\t\t<div class=\"sow-slider-image-wrapper\" style=\"max-width: 960px\">\n\t\t\t\t\t\t\t\t\t\t<div class=\"sow-slider-image-foreground-wrapper\">\n\t\t\t\t\t\t<img decoding=\"async\" width=\"960\" height=\"720\" src=\"https:\/\/ferienhaus-von-loewenstein.de\/wp-content\/uploads\/2022\/01\/wohnzimmer-2.jpg\" class=\"sow-slider-foreground-image\" alt=\"\" style=\"\" srcset=\"https:\/\/ferienhaus-von-loewenstein.de\/wp-content\/uploads\/2022\/01\/wohnzimmer-2.jpg 960w, https:\/\/ferienhaus-von-loewenstein.de\/wp-content\/uploads\/2022\/01\/wohnzimmer-2-300x225.jpg 300w, https:\/\/ferienhaus-von-loewenstein.de\/wp-content\/uploads\/2022\/01\/wohnzimmer-2-768x576.jpg 768w\" sizes=\"(max-width: 960px) 100vw, 960px\" \/>\t\t\t\t\t<\/div>\n\t\t\t\t\t\t\t\t\t<\/div>\n\t\t\t<\/div>\n\t\t\t\t\t<\/li>\n\t\t\t\t<li class=\"sow-slider-image\" style=\"visibility: hidden;\" >\n\t\t\t\t\t\t<div class=\"sow-slider-image-container\">\n\t\t\t\t<div class=\"sow-slider-image-wrapper\" style=\"max-width: 960px\">\n\t\t\t\t\t\t\t\t\t\t<div class=\"sow-slider-image-foreground-wrapper\">\n\t\t\t\t\t\t<img decoding=\"async\" width=\"960\" height=\"720\" src=\"https:\/\/ferienhaus-von-loewenstein.de\/wp-content\/uploads\/2022\/01\/wohnzimmer-3.jpg\" class=\"sow-slider-foreground-image\" alt=\"\" style=\"\" srcset=\"https:\/\/ferienhaus-von-loewenstein.de\/wp-content\/uploads\/2022\/01\/wohnzimmer-3.jpg 960w, https:\/\/ferienhaus-von-loewenstein.de\/wp-content\/uploads\/2022\/01\/wohnzimmer-3-300x225.jpg 300w, https:\/\/ferienhaus-von-loewenstein.de\/wp-content\/uploads\/2022\/01\/wohnzimmer-3-768x576.jpg 768w\" sizes=\"(max-width: 960px) 100vw, 960px\" \/>\t\t\t\t\t<\/div>\n\t\t\t\t\t\t\t\t\t<\/div>\n\t\t\t<\/div>\n\t\t\t\t\t<\/li>\n\t\t\t\t<li class=\"sow-slider-image\" style=\"visibility: hidden;\" >\n\t\t\t\t\t\t<div class=\"sow-slider-image-container\">\n\t\t\t\t<div class=\"sow-slider-image-wrapper\" style=\"max-width: 960px\">\n\t\t\t\t\t\t\t\t\t\t<div class=\"sow-slider-image-foreground-wrapper\">\n\t\t\t\t\t\t<img loading=\"lazy\" decoding=\"async\" width=\"960\" height=\"720\" src=\"https:\/\/ferienhaus-von-loewenstein.de\/wp-content\/uploads\/2022\/01\/wohnzimmer-4.jpg\" class=\"sow-slider-foreground-image\" alt=\"\" style=\"\" srcset=\"https:\/\/ferienhaus-von-loewenstein.de\/wp-content\/uploads\/2022\/01\/wohnzimmer-4.jpg 960w, https:\/\/ferienhaus-von-loewenstein.de\/wp-content\/uploads\/2022\/01\/wohnzimmer-4-300x225.jpg 300w, https:\/\/ferienhaus-von-loewenstein.de\/wp-content\/uploads\/2022\/01\/wohnzimmer-4-768x576.jpg 768w\" sizes=\"(max-width: 960px) 100vw, 960px\" \/>\t\t\t\t\t<\/div>\n\t\t\t\t\t\t\t\t\t<\/div>\n\t\t\t<\/div>\n\t\t\t\t\t<\/li>\n\t\t<\/ul>\t\t\t\t<ol class=\"sow-slider-pagination\">\n\t\t\t\t\t\t\t\t\t\t\t<li><a href=\"#\" data-goto=\"0\" aria-label=\"Display slide 1\"><\/a><\/li>\n\t\t\t\t\t\t\t\t\t\t\t<li><a href=\"#\" data-goto=\"1\" aria-label=\"Display slide 2\"><\/a><\/li>\n\t\t\t\t\t\t\t\t\t\t\t<li><a href=\"#\" data-goto=\"2\" aria-label=\"Display slide 3\"><\/a><\/li>\n\t\t\t\t\t\t\t\t\t\t\t<li><a href=\"#\" data-goto=\"3\" aria-label=\"Display slide 4\"><\/a><\/li>\n\t\t\t\t\t\t\t\t\t<\/ol>\n\n\t\t\t\t<div class=\"sow-slide-nav sow-slide-nav-next\">\n\t\t\t\t\t<a href=\"#\" data-goto=\"next\" aria-label=\"Next slide\" data-action=\"next\">\n\t\t\t\t\t\t<em class=\"sow-sld-icon-thin-right\"><\/em>\n\t\t\t\t\t<\/a>\n\t\t\t\t<\/div>\n\n\t\t\t\t<div class=\"sow-slide-nav sow-slide-nav-prev\">\n\t\t\t\t\t<a href=\"#\" data-goto=\"previous\" aria-label=\"Previous slide\" data-action=\"prev\">\n\t\t\t\t\t\t<em class=\"sow-sld-icon-thin-left\"><\/em>\n\t\t\t\t\t<\/a>\n\t\t\t\t<\/div>\n\t\t\t\t<\/div><\/div>\n\n\n<p>Das ger\u00e4umige Wohnzimmer bietet ein bequemes Sofa, wo Sie entspannt fernschauen oder ein Buch lesen k\u00f6nnen. F\u00fcr einen Spieleabend mit den Kindern oder einfach nur als Ablage f\u00fcr Snacks bietet ein Couchtisch gen\u00fcgend Platz. An zwei Stellen l\u00e4\u00dft sich prima eine Spielecke f\u00fcr die Kleinen einrichten.<\/p>\n\n\n\n<div class=\"wp-block-columns has-2-columns is-layout-flex wp-container-core-columns-is-layout-9d6595d7 wp-block-columns-is-layout-flex\">\n<div class=\"wp-block-column is-layout-flow wp-block-column-is-layout-flow\">\n<ul class=\"hr-amenities wp-block-list\"><li>Flachbildschirm TV mit Sat<\/li><li>2 Korbst\u00fchle<\/li><li>2er und 3er Sofa mit Kissen<\/li><li>Stereoanlage<\/li><\/ul>\n<\/div>\n\n\n\n<div class=\"wp-block-column is-layout-flow wp-block-column-is-layout-flow\"><\/div>\n<\/div>\n\n\n\n<figure class=\"wp-block-image size-full\"><img loading=\"lazy\" decoding=\"async\" width=\"1024\" height=\"768\" src=\"https:\/\/ferienhaus-von-loewenstein.de\/wp-content\/uploads\/slider2\/haus-3.jpeg\" alt=\"\" class=\"wp-image-600\" srcset=\"https:\/\/ferienhaus-von-loewenstein.de\/wp-content\/uploads\/slider2\/haus-3.jpeg 1024w, https:\/\/ferienhaus-von-loewenstein.de\/wp-content\/uploads\/slider2\/haus-3-300x225.jpeg 300w, https:\/\/ferienhaus-von-loewenstein.de\/wp-content\/uploads\/slider2\/haus-3-768x576.jpeg 768w\" sizes=\"(max-width: 1024px) 100vw, 1024px\" \/><\/figure>\n\n\n\n<p>Vom Wohnzimmer aus erreichen Sie die gesch\u00fctzte Terrasse, die mit Gartenm\u00f6beln und Sonnenschirm zum Verweilen einl\u00e4dt. Beobachten Sie das bunte Treiben auf der Spielwiese zum Badesee, genie\u00dfen Sie einfach die Sonne oder entspannen Sie im Schatten des Sonnenschirms.<\/p>\n\n\n\n<p>In einem Holzschuppen finden Sie den Holzkohlegrill und Fahrr\u00e4der. &nbsp; <\/p>\n\n\n\n<ul class=\"hr-amenities wp-block-list\"><li>Gartentisch und 6 Gartenst\u00fchle mit Auflagen<\/li><li>Sonnenschirm<\/li><li>W\u00e4schetrockner<\/li><li>Holzkohlegrill<\/li><\/ul>\n","protected":false},"excerpt":{"rendered":"<p>Das ger\u00e4umige Wohnzimmer bietet ein bequemes Sofa, wo Sie entspannt fernschauen oder ein Buch lesen k\u00f6nnen. F\u00fcr einen Spieleabend mit den Kindern oder einfach nur als Ablage f\u00fcr Snacks bietet ein Couchtisch gen\u00fcgend Platz. An zwei Stellen l\u00e4\u00dft sich prima <a href=\"https:\/\/ferienhaus-von-loewenstein.de\/?page_id=76\" class=\"more-link\">Weiterlesen<\/a><\/p>\n","protected":false},"author":1,"featured_media":0,"parent":0,"menu_order":0,"comment_status":"closed","ping_status":"closed","template":"","meta":{"footnotes":""},"class_list":["post-76","page","type-page","status-publish","hentry"],"_links":{"self":[{"href":"https:\/\/ferienhaus-von-loewenstein.de\/index.php?rest_route=\/wp\/v2\/pages\/76","targetHints":{"allow":["GET"]}}],"collection":[{"href":"https:\/\/ferienhaus-von-loewenstein.de\/index.php?rest_route=\/wp\/v2\/pages"}],"about":[{"href":"https:\/\/ferienhaus-von-loewenstein.de\/index.php?rest_route=\/wp\/v2\/types\/page"}],"author":[{"embeddable":true,"href":"https:\/\/ferienhaus-von-loewenstein.de\/index.php?rest_route=\/wp\/v2\/users\/1"}],"replies":[{"embeddable":true,"href":"https:\/\/ferienhaus-von-loewenstein.de\/index.php?rest_route=%2Fwp%2Fv2%2Fcomments&post=76"}],"version-history":[{"count":8,"href":"https:\/\/ferienhaus-von-loewenstein.de\/index.php?rest_route=\/wp\/v2\/pages\/76\/revisions"}],"predecessor-version":[{"id":683,"href":"https:\/\/ferienhaus-von-loewenstein.de\/index.php?rest_route=\/wp\/v2\/pages\/76\/revisions\/683"}],"wp:attachment":[{"href":"https:\/\/ferienhaus-von-loewenstein.de\/index.php?rest_route=%2Fwp%2Fv2%2Fmedia&parent=76"}],"curies":[{"name":"wp","href":"https:\/\/api.w.org\/{rel}","templated":true}]}}